 the tens digit of f?
3
Suppose 2*c - v - 30 = -6*v, 0 = -c - v + 9. Suppose -c*n + 36 = -l, 4*l - 13 - 3 = 0. What is the units digit of n?
8
What is the tens digit of ((-366)/(-15))/(2/(50/5))?
2
Let b(q) = 6*q + 10. Let u be b(7). Suppose -3*p + u = -5*y, p + 3*y + 16 = -2*y. What is the units digit of p?
9
Let y be 9/5 + 3/15. What is the units digit of y/9 - 50/(-18)?
3
Let f(l) = -l**3 - l + 172. What is the hundreds digit of f(0)?
1
Suppose 0 + 20 = -f. What is the units digit of (f/25)/(6/(-15))?
2
Let n = -15 - -28. What is the units digit of n?
3
Let u = 175 + -53. What is the hundreds digit of u?
1
Suppose -3*n = 5*z + 15, 0*n - 4*n - 4*z = 12. Suppose 0 = 5*u + 5*p - 25, -3*u + 2*p - 4 + 14 = n. Let d = u - -4. What is the units digit of d?
8
Let d be 0 - -3 - (-4 + 5). Suppose 5*q - d*a - 14 = 0, -a - 6 - 2 = -3*q. What is the units digit of (q/(-3))/(2/(-27))?
9
Let n be -1 - (0 - 4*-3). What is the units digit of n/(-11) - 4/22?
1
Let y = -48 - -78. What is the units digit of y?
0
Let y = 65 - 37. What is the units digit of y?
8
Suppose 0 = -3*h + 7*h. Suppose -2*q + h*m - 18 = -4*m, -5*q = 5*m. What is the units digit of -2*(-10)/(-12)*q?
5
Let s = 3 + 17. What is the units digit of 180/(-25)*s/(-6)?
4
Suppose -5*d + 3*d = 5*t - 46, -4*t + 3*d + 46 = 0. Let z = t + -8. Suppose -z = 2*g - 4. What is the units digit of g?
1
Suppose -p - 5*n = -87, 3 = 4*n - 17. What is the tens digit of p?
6
What is the units digit of 142*(20/(-8))/(-5)?
1
Let o be 1/(3/12) + -1. Let q be 1/((9/(-123))/o). Let u = q + 60. What is the units digit of u?
9
Suppose -5*b - 5 = 5. Let g = 0 + b. What is the units digit of ((-2)/4)/(g/24)?
6
What is the tens digit of (1*24)/(4*(-4)/(-120))?
8
Let m(z) = -z**2 - 8*z - 5. Suppose -31 = 4*y - 3. Let p be m(y). Suppose -p*j + 3*j = 5. What is the units digit of j?
5
Let u(o) = o**3 + 6*o**2 + o + 5. Let q be u(-6). Let c = 3 + q. Suppose -25 = -t - c*y, 4*t - t - 60 = -3*y. What is the tens digit of t?
1
Let o(s) = 3 + 3*s - 5*s + 9*s**2 - 4. Let q be o(-1). Suppose 0 = 5*y - 0*y - q. What is the units digit of y?
2
Let g = 107 + -34. What is the units digit of g?
3
Let v be 1/((-15)/6 + 3). Suppose 0 = v*d - d - 4. What is the units digit of d?
4
Suppose -60 = v + 4*v. What is the units digit of (-630)/v*4/6?
5
Let g = 114 - -94. What is the tens digit of g?
0
Suppose 0 = 5*r - 9 - 1. Suppose -3*b + 3*h + 69 = 0, 5*b - 95 = -h + r. Let a = b - 4. What is the tens digit of a?
1
Let c(s) = 2*s - 2. Let o be c(3). Suppose -6 = 5*y - 36. Suppose o*h - y*h = -26. What is the tens digit of h?
1
Suppose 219 = 3*q - 60. What is the units digit of q?
3
Let t = 6 + -6. Suppose -4*o + 46 + 6 = t. What is the units digit of o?
3
Let o be 8/36 - (-260)/45. Suppose i - r + 37 = o*i, -i = 2*r - 2. What is the units digit of i?
8
Let s = 4 - 2. Let j = s + 2. What is the units digit of j?
4
Suppose 16 = -2*c + 6*c. Suppose -19 + 75 = c*p - 2*g, -56 = -4*p - 2*g. What is the tens digit of p?
1
Let u(s) be the first derivative of s**5/60 - s**4/12 - s**3/3 - s**2 - 1. Let a(w) be the second derivative of u(w). What is the units digit of a(4)?
6
Suppose 5*j + 4 = 2*s + 2*s, -4 = -j. Let k(w) = 2*w**2 + 2*w - 1. Let x be k(-2). Suppose -s = o - x*o. What is the units digit of o?
3
Let v be ((-30)/(-9))/(2/6). Suppose 0*u + v = 5*u. What is the units digit of u?
2
Suppose -2 - 4 = -o. What is the units digit of o?
6
Let a(f) = f**3 + 7*f**2 - 9*f - 6. Suppose -2*h + 3 = -4*i + 7, h + 14 = -2*i. Let v be a(h). Suppose -v*g + 0*g = -12. What is the units digit of g?
6
Suppose q - 4 = -2. Suppose -3*b - 5*m = 31, 24 = -q*b - 5*m - 0*m. Let z = b - -20. What is the units digit of z?
3
Suppose -12 - 3 = -3*v. Suppose v*a - 16 = 4. Suppose s - a - 2 = 0. What is the units digit of s?
6
Suppose -4*c + 11 = 7. What is the units digit of c?
1
Suppose 7*f = -2*f + 1899. What is the tens digit of f?
1
Suppose 0*r = 3*r + 4*a - 272, 2 = a. What is the units digit of r?
8
Let u be (5/(-20))/(1/4). Let d(k) = 27*k**2 + k. What is the units digit of d(u)?
6
Suppose -4*f + 508 = -276. What is the units digit of f?
6
Let n = -6 + 5. Let x = n - -5. Suppose -3*d = -2 - x. What is the units digit of d?
2
Suppose 2*o + 4*o - 378 = 0. What is the tens digit of o?
6
Let b = -3 + 2. Let w(p) = -2*p**3 - p**3 + 2*p**3 - 5*p**3. What is the units digit of w(b)?
6
Suppose 7*m - 2*m - 60 = 0. What is the units digit of m/(-30) + 32/5?
6
Suppose -2*p + 24 = v, v = p + 3*p + 6. Suppose 2*c + v = 5*c. What is the units digit of c?
6
What is the units digit of (-6)/(-33) + (-654)/(-33)?
0
Suppose 0 = d + 4, -s + 62 = -d + 5*d. What is the units digit of s?
8
Let o(m) = m + 9. Let z be o(-7). Let u(r) = -r**2 + 12*r + 6. Let v be u(12). Suppose 4*g - v = z*a, 3*a = g + 3 + 8. What is the units digit of g?
4
Suppose -5*n + 765 = -g, 4*n - 591 = 2*g + 3*g. What is the hundreds digit of n?
1
Suppose -5*r + 4 - 19 = 0, -5*t - r = -7. Suppose -t*c = 2*c - 236. Suppose 4*g + 3 = c. What is the units digit of g?
4
Let m(w) = 0 - 2*w - 3 - 5 + 0*w. What is the units digit of m(-6)?
4
Let g(m) = -m**2 + 4*m - 3. Let s be g(4). What is the units digit of ((-1)/s)/(1/21)?
7
Let h(d) = 15*d**2 + 12*d + 3. What is the tens digit of h(-5)?
1
Suppose -2*w + 328 = 5*j, -3*w = 2*j - 88 - 41. Let x = j + -38. What is the units digit of x?
8
Suppose 4*q + q = 30. Let c be q + 3/9*0. Suppose -80 = -4*p + 2*o + 2*o, -3*o - c = 0. What is the units digit of p?
8
Suppose 3*q + 5*g = 2*g + 162, q + 3*g = 54. What is the tens digit of q?
5
Let g = 11 + -16. Let c(i) = -i**2 - 5*i + 4. Let z be c(g). Let d = z - -1. What is the units digit of d?
5
Let t(a) = -3 + 5 - 2*a + a - 1. What is the units digit of t(0)?
1
Suppose 4*m + 3 + 3 = 3*f, 2*m - 4*f = -8. Suppose m = -p - 4*p + 85. What is the units digit of p?
7
Let q(a) = 19*a**2 - 10*a + 34. What is the tens digit of q(4)?
9
Suppose 21 = 5*f - 104. What is the tens digit of f?
2
Suppose 4*k + 4*x - 58 = 66, 0 = -4*x + 12. What is the tens digit of k?
2
Suppose d + 89 = 262. What is the hundreds digit of d?
1
Let t = 8 - 16. What is the units digit of (20/t + 1)*-2?
3
Suppose 3*a = -b + 3 + 17, -16 = -a + 2*b. Let x = -7 + a. Suppose -3*k + 7 = x. What is the units digit of k?
2
Let g(b) = -b - 7. Let t be g(-6). What is the units digit of (-49)/(-14) - t/2?
4
Suppose 3*i + 10 = 4*b, 6*i - i + 15 = 5*b. Let m be (-294)/(-12) + i/4. Suppose 2*j + j - m = 0. What is the units digit of j?
8
What is the tens digit of ((-14)/(-21))/(6/441)?
4
What is the units digit of (-1)/(15/(-204)) + 4/10?
4
Let v = -244 + 386. What is the tens digit of v?
4
Suppose 4*z - 12 = 8. Let m(q) = q**2 - 3*q - 7. What is the units digit of m(z)?
3
Let g = -206 + 389. What is the hundreds digit of g?
1
Suppose 7*b - 3*b = 8, -5*x + 228 = 4*b. What is the tens digit of x?
4
Let a be ((-44)/(-6))/1*6. Let z = a + -25. Suppose -4*b = -79 + z. What is the units digit of b?
5
Let h be 12/28 - (-25)/7. Suppose 3*j = z - 15, -2*j - 49 = -h*z - j. What is the tens digit of z?
1
Let v(g) = 2*g**3 + 4*g**2 - 2*g - 5. What is the units digit of v(3)?
9
Let g(x) = 2*x. Let c be g(2). Let p(i) = -i**3 - 29*i**2 + i + 65. Let j be p(-29). What is the units digit of 41/c + (-9)/j?
0
Let a = -6 + 11. Suppose 38 + 37 = a*r. What is the units digit of r?
5
Let x = 2 + 0. Let o(c) = -x*c**2 - 2 + c**3 - 5*c - 2 + 4*c**2. What is the units digit of o(-3)?
2
Suppose -3*h + 5*o + 165 = o, 15 = 5*o. What is the tens digit of h?
5
Let y = -10 + 4. Let a be (8/y)/(1/(-3)). Suppose -a*j + 2*g + 3*g = -19, -5*j + 2 = g. What is the units digit of j?
1
Let d(s) = -s + 10. Let o = 0 - 9. What is the units digit of d(o)?
9
Suppose 3*o - 5*t = 384, o - 25 - 89 = -3*t. What is the tens digit of o?
2
Suppose 2*c - 228 = 4*w, 4*c - 4*w - 491 = -3*w. What is the hundreds digit of c?
1
Suppose 5*b - 666 = 39. What is the units digit of b?
1
Suppose -26*g = -28*g + 124. What is the units digit of g?
2
Let r(y) = y + 1. Let l be r(5). Suppose l*t - t = 25. What is the units digit of t?
5
Let i = -3 + 0. Let z(x) = x**3 + 4*x**2 - 1. Let d be z(i). Suppose 3*k - 1 = d. What is the units digit of k?
3
Let b = 340 - 31. What is the units digit of b?
9
Let q = -18 + 33. Let d be (4/(-6))/((-4